by 3?
1
Let s be 0/(-3) + 1 + 1. Calculate the remainder when s/4 + (-535)/(-10) is divided by 14.
12
Suppose b + 95 = 5*j + 6*b, 4*j + b - 70 = 0. Let y = j + -14. What is the remainder when 4 is divided by y?
1
Let x = -12 - -17. Let i = -14 - -23. Let h = i - x. Calculate the remainder when 7 is divided by h.
3
Let z(d) = d**2 - 2*d + 5. Calculate the remainder when 55 is divided by z(-4).
26
Let v = 6 + -6. What is the remainder when (-1)/((-2)/20 - v) is divided by (-23)/(-4) - (-2)/8?
4
Let z(w) = w**3 - 6*w**2 + w + 12. Let x be ((-1)/2)/(6/(-72)). What is the remainder when 70 is divided by z(x)?
16
Suppose 4*q - 128 = 2*c - 0*c, 0 = -2*q + 3*c + 68. Let h = 12 - 1. Calculate the remainder when q is divided by h.
9
Suppose 0 = -4*n + 5*y - 2*y + 124, -5*n + 3*y + 155 = 0. Let c = n + -26. Calculate the remainder when -2*19/(-4)*2 is divided by c.
4
Let g be (1/3)/(5/45). Suppose -w - 75 = -6*w + 5*p, 5*w = -g*p + 107. Calculate the remainder when 37 is divided by w.
18
Suppose -3*j = 4*g + 196, -30 = 4*g - 3*j + 166. Let c = -20 - g. Calculate the remainder when c is divided by 15.
14
Let w be (-15)/(-2)*(-6)/(-9). Let y be w/10 + (-54)/(-4). Let p = y - 7. What is the remainder when 12 is divided by p?
5
Let g(o) = 13*o - 3. Let f be g(7). Suppose f = 2*w - 4*x + 6*x, -2*w + 87 = x. Calculate the remainder when w is divided by 15.
13
Let x = -6 + 11. Suppose 4*f = 3*f + 5*g + 9, -x*f + 69 = -g. Suppose 0 = -4*t + 133 - 25. Calculate the remainder when t is divided by f.
13
Let p = 0 - -19. Calculate the remainder when p is divided by 15.
4
Let t(b) = -b + 2. Suppose 5*p - 4 = -2*r + 3*r, 4*r + 5*p = 59. What is the remainder when r is divided by t(-3)?
1
Suppose 2 + 3 = 5*v. Let x(z) = 14*z - 1. Calculate the remainder when 38 is divided by x(v).
12
Let r = 25 + -3. Suppose -j + o + 56 = 6*o, 0 = -4*j + 2*o + 158. Calculate the remainder when j is divided by r.
19
Let y = -41 + 76. What is the remainder when y is divided by 13?
9
Let b = 27 + -20. Let n = 2 - -18. What is the remainder when n is divided by b?
6
Let r(c) = 4*c**2 - c - 11. What is the remainder when 111 is divided by r(-3)?
27
Let p = -25 + 73. Calculate the remainder when p is divided by 25.
23
What is the remainder when 13/13 + 52/2 is divided by 15?
12
Let t(m) = -2*m - 10. Let a be t(-7). Suppose -a*j + 23 + 9 = 0. Calculate the remainder when 38 is divided by j.
6
Let b(m) = m**2 + 1. Let h be b(1). Suppose -h*i - i = -39. Calculate the remainder when i is divided by 7.
6
Let s(a) = 2*a**2 + 6*a - 1. Let q(h) = -h**3 + h**2 + h + 12. What is the remainder when s(-6) is divided by q(0)?
11
Suppose 0 = 5*k - 85 - 15. Let j = 126 + -67. What is the remainder when j is divided by k?
19
Let g = 1 - 8. Let f be (-1 - g/5)*25. What is the remainder when 8 is divided by 5 - (-5)/(f/(-4))?
2
Suppose 3*v - 3*d = 99, -4*d + 68 = 2*v - 5*d. What is the remainder when 137 is divided by v?
32
Let h = 10 - 2. Calculate the remainder when 68 is divided by 23*-1*(-9 + h).
22
Suppose -4*y + 73 = -79. Suppose -3*m - 7 = 17. Let u(s) = -2*s - 3. What is the remainder when y is divided by u(m)?
12
Let o(m) = 5*m**2 + 5*m + 6. Let y be o(-4). Let v be y/4*4/6. Suppose -49 + v = -2*f. Calculate the remainder when f is divided by 7.
5
Suppose 3*k - 3*d - 87 = 0, -2*k + 0*d + 62 = -3*d. Let u be (-4)/10 - (-36)/15. Suppose -3*h - u*h = -65. What is the remainder when k is divided by h?
12
Suppose -5*v + 9 = -161. Suppose -w = -3 - 9. What is the remainder when v is divided by w?
10
Suppose 25 = 3*m - 77. What is the remainder when m is divided by 12*(0 + (-6)/(-4))?
16
Suppose 0 = 4*r - 2 - 38. Suppose 0*i - 2*i + r = 0. Calculate the remainder when i is divided by 3.
2
Let v = 11 - 8. Suppose -2*i + 2*o + 89 = 7*o, 4*i + o = 133. Suppose -5*c + 1 = -4*u - 23, 2*u - i = -3*c. What is the remainder when c is divided by v?
2
Suppose c = 3*b - 5, 4*c - 5*c - 10 = -4*b. Calculate the remainder when 21 is divided by c.
1
Let l be (-52 + -4)/((-2)/4). Suppose -5*d - 17 + l = 0. What is the remainder when 73 is divided by d?
16
Suppose 2*h = 7*h - 365. Suppose 5*o - h - 42 = 0. What is the remainder when 67 is divided by o?
21
Let g = 2 + 7. Let m = g - 5. Let a = -1 + m. What is the remainder when 5 is divided by a?
2
Suppose -4 = 2*d - 10. Suppose -d*b = -n - 38, 0 = b - 3*n - 2*n + 6. What is the remainder when 26 is divided by b?
12
Suppose -4*i = 9*i - 1690. What is the remainder when i is divided by 33?
31
Let d = 7 + -5. Suppose -7*n - 2*g = -d*n - 90, -2*n = 4*g - 36. Calculate the remainder when 49 is divided by n.
13
Let t be (6 - (-6)/(-3))*-1. Let u = -25 - -37. Calculate the remainder when (-4)/8 + (-94)/t is divided by u.
11
Suppose -5*p + p = -56. Calculate the remainder when 25 is divided by p.
11
Suppose 0*l + 122 = 2*l. What is the remainder when l is divided by 7?
5
Suppose k = -0*k. Calculate the remainder when 3 - 1 - (3 - 22) is divided by (k + (-11)/(-3))*3.
10
Let w = 9 + -7. Suppose -w*v - 4*x + 26 = 0, 0 = 2*v - 3*x - 11 - 29. What is the remainder when v is divided by 9?
8
Suppose 6*g - 207 + 9 = 0. Calculate the remainder when g is divided by 7.
5
Suppose -d + 2*c = -2*d - 1, 0 = c + 5. Calculate the remainder when d is divided by 6.
3
Let m = -140 - -220. Let d = -56 + m. What is the remainder when 70 is divided by d?
22
Suppose -3*x - 2*x = -70. What is the remainder when 53 is divided by x?
11
Let c = 10 + 12. What is the remainder when c is divided by 12?
10
Let o = -13 + 16. Calculate the remainder when o is divided by 3.
0
Let z(f) = 4*f - 6. What is the remainder when 271 is divided by z(10)?
33
Let j = -364 - 826. What is the remainder when (-3)/5 - j/25 is divided by 16?
15
Let q(i) = 4*i**2 - 6. What is the remainder when 68 is divided by q(-2)?
8
Let t(a) = 3*a + 4. Let v = -8 + 4. Let j = v - -12. Calculate the remainder when t(6) is divided by j.
6
Suppose -30 + 241 = 4*x + 3*y, -2*x - 4*y + 108 = 0. Suppose 0 = 3*b - 137 + 56. Calculate the remainder when x is divided by b.
25
Let b(m) = 6*m - 42. Suppose -4*o = 3*q + 1, -5*q = -3*q - 3*o - 22. Calculate the remainder when b(10) is divided by q.
3
Let t(i) = -2*i**3 - 39*i**2 - 20*i + 8. Calculate the remainder when t(-19) is divided by (-38)/(-4) - 2/(-4).
7
Calculate the remainder when 55 - (4/2 - 2) is divided by 19.
17
Let x(r) = r**3 - r**2 + 3*r - 3. Let o be x(3). Suppose -p + 2*n = -0*p - 12, -4*p + 2*n + o = 0. Let t = p - 3. What is the remainder when 2 is divided by t?
0
Suppose 54 + 16 = 5*v. Let w = 36 - -54. Let g = -49 + w. Calculate the remainder when g is divided by v.
13
Suppose 0*u - u = 2*y - 8, 4*y - u = 10. Suppose -y*c + 5*c = 18. Let x = 56 + -39. Calculate the remainder when x is divided by c.
8
Suppose -z - 3 = -2. Let d(n) = 110*n. Let h be d(z). Let s = h + 189. What is the remainder when s is divided by 27?
25
Let z be (-1)/3 + (-4)/(-12). Suppose -3*k + 5*h + 14 + 2 = z, -4*k = -2*h - 12. Calculate the remainder when k is divided by (-3)/5 + 96/60.
0
Suppose 6 = 5*r + 3*o - 16, 5*r - 21 = -4*o. What is the remainder when 16 is divided by r?
1
Suppose -2*k + 4*g - 325 = -7*k, 5*k + 3*g = 320. Suppose -4*d + 142 = 5*c + 46, 3*d + 4 = c. What is the remainder when k is divided by c?
13
Let i be -4*2/(-4) + 1. Suppose 4*w + 12 = 0, -6*w + i*w = -2*o + 15. Suppose -63 = -5*c - o. What is the remainder when 22 is divided by c?
10
Suppose b = 4*l + 5*b, -l - 4*b - 15 = 0. Suppose -w + l*w - 16 = 0. Suppose -16 = -6*k + w*k. What is the remainder when 23 is divided by k?
7
Let o(b) be the first derivative of -67*b**4/4 + 2*b**3/3 - b + 1. Let w be o(1). Calculate the remainder when 15 is divided by (-4)/10 + w/(-15).
3
Let i(q) = 16*q**2 - q - 1. Let h(f) = -2*f**3 + f**2. Let v = -2 + 3. Let g be h(v). What is the remainder when 30 is divided by i(g)?
14
Suppose -7 = -b - 3. Suppose -38 = -2*n - b*v, n + v - 69 = -3*n. Calculate the remainder when 32 is divided by n.
15
Let u be (-1 - 1)/((-2)/1). What is the remainder when -3*u/(6/(-10)) is divided by 2?
1
Let y = -21 - -23. Calculate the remainder when (y/6)/(4/36) is divided by 1.
0
Let y(a) be the first derivative of a**3/3 + 5*a**2/2 + 9*a + 2. Calculate the remainder when y(-7) is divided by 12.
11
Let i(v) be the second